Let m(n) = n**3 + 9*n**2 + 25*n - 116. What is m(4)?
192
Let d(q) = -129*q - 4315. Calculate d(-33).
-58
Let k(r) = -r**2 + 68*r - 113. Determine k(68).
-113
Let d(z) = -2*z**2 - 382*z - 2568. Calculate d(-7).
8
Let y(s) = 963*s - 4863. What is y(5)?
-48
Let z(o) = -o**2 + 34*o + 502. What is z(45)?
7
Let f(u) = -u**3 - 5*u**2 - 6*u + 20. What is f(-8)?
260
Let j(m) = 3*m**2 + 5. Determine j(0).
5
Let i(j) = 20*j - 224. Determine i(2).
-184
Let n(g) = -1027*g + 10264. Calculate n(10).
-6
Let c(s) = -12*s - 573. Calculate c(-27).
-249
Let f(v) = -22*v - 1886. Give f(-86).
6
Let o(y) = -10*y**2 - 119*y + 22. Give o(-17).
-845
Let s(h) = 373*h - 2600. Calculate s(7).
11
Let f(g) = 2617*g + 10478. Give f(-4).
10
Let c(o) = -15*o**3 - 181*o**2 - 6*o + 47. Give c(-12).
-25
Let x(z) = -z**2 - 11*z + 329. Calculate x(19).
-241
Let b(n) = -103*n - 292. What is b(-5)?
223
Let y(t) = t**3 - 121*t**2 - 496*t - 42. Calculate y(-4).
-58
Let t(u) = 3*u**2 + 90*u - 617. Calculate t(-35).
-92
Let n(q) = -2497*q - 67421. Determine n(-27).
-2
Let u(k) = 2*k**2 - 166*k - 1470. Determine u(91).
-14
Let t(p) = -109*p**2 + 6*p. What is t(-2)?
-448
Let z(k) = 12*k - 39. Determine z(-20).
-279
Let b(g) = g**3 + 25*g**2 - 50*g + 113. Give b(-27).
5
Let q(b) = -b**2 + 37*b + 793. Calculate q(51).
79
Let y(t) = 2*t**2 + 40*t - 1352. Give y(-38).
16
Let n(h) = 5*h**3 + 7*h**2 - 36*h + 44. Calculate n(3).
134
Let b(n) = n**3 + 9*n**2 - 104*n - 361. What is b(-3)?
5
Let j(f) = f**3 + 99*f**2 + 187*f - 671. Calculate j(-97).
8
Let v(z) = 5*z**2 - 3*z - 6. Determine v(4).
62
Let d(p) = -p**3 + 4*p**2 - 484*p + 3538. Determine d(7).
3
Let x(r) = -r**3 + 16*r**2 + 1868*r - 119. Give x(-36).
25
Let b(r) = -136*r - 822. Give b(-6).
-6
Let b(g) = -g**3 - 11*g**2 + 23*g + 14. Calculate b(-12).
-118
Let t(j) = 527*j - 11597. What is t(22)?
-3
Let j(u) = -113*u - 396. Give j(-4).
56
Let s(c) = -2*c + 32. What is s(12)?
8
Let a(d) = 178*d**2 - 47*d - 43. What is a(-1)?
182
Let b(x) = -18*x + 83. What is b(6)?
-25
Let p(t) = 88*t - 83. Determine p(1).
5
Let v(p) = -17*p - 1106. What is v(-64)?
-18
Let a(u) = -u**3 - 14*u**2 - 39*u + 13. Calculate a(-8).
-59
Let z(y) = -4*y**2 - 219*y - 99. Calculate z(-54).
63
Let i(n) = -n**3 + 9*n**2 - 21*n + 69. Give i(6).
51
Let t(d) = -2*d**2 + 202*d - 2430. Give t(87).
6
Let m(h) = -1452*h - 11622. What is m(-8)?
-6
Let t(h) = 64*h + 284. Determine t(-4).
28
Let b(v) = -106*v**2 + 209*v + 2. Give b(2).
-4
Let p(o) = -o**2 + 53*o - 450. Give p(10).
-20
Let a(m) = 15*m + 18. What is a(-13)?
-177
Let s(q) = -17*q - 580. Determine s(-34).
-2
Let d(m) = -m**2 + 70*m - 197. What is d(3)?
4
Let d(w) = -2*w**2 - 161*w - 2895. Calculate d(-27).
-6
Let w(r) = 2*r**2 - 22*r + 19. Give w(10).
-1
Let b(j) = j**2 - 50*j + 102. Give b(48).
6
Let o(i) = -162*i - 2668. Give o(-16).
-76
Let b(f) = 5*f + 36. Give b(-8).
-4
Let t(l) = -69*l - 1291. Calculate t(-18).
-49
Let w(g) = -49*g + 991. Determine w(14).
305
Let f(r) = 2*r**2 + 100*r + 1041. Give f(-14).
33
Let t(v) = 5*v**2 + v + 19. Calculate t(-4).
95
Let s(h) = 8*h**3 - 2*h**2 - 2*h + 2. Give s(2).
54
Let r(l) = 9*l**2 - 579*l + 220. Give r(64).
28
Let j(w) = 15*w + 147. Give j(-8).
27
Let p(f) = -612*f**3 + 5*f**2 + 6*f + 2. Give p(-1).
613
Let b(s) = -s**2 - 127*s + 1378. Give b(10).
8
Let w(v) = -v**3 + 13*v**2 + 16*v - 39. Give w(14).
-11
Let a(j) = -j**2 + 58*j + 54. Determine a(14).
670
Let o(f) = -27*f + 2398. Give o(83).
157
Let r(w) = -w**3 - 98*w + 97. Give r(1).
-2
Let p(j) = 2*j**2 - 56*j + 29. Calculate p(26).
-75
Let p(c) = c**3 + 8*c**2 - 3*c - 80. Calculate p(-8).
-56
Let j(p) = 90*p - 17375. Give j(194).
85
Let n(c) = -c**3 + 4*c**2 - 30*c - 79. Calculate n(-2).
5
Let r(m) = 97*m + 1464. Determine r(-15).
9
Let m(q) = 3*q**2 + 14*q + 3. What is m(-11)?
212
Let r(j) = 3*j**3 + 27*j**2 - 45*j - 149. Determine r(-10).
1
Let r(n) = -1996*n - 73861. Determine r(-37).
-9
Let v(p) = p**3 + 77*p**2 + 241*p + 57. Calculate v(-74).
-1349
Let k(a) = 307*a + 5827. Calculate k(-19).
-6
Let f(s) = -40*s**2 + 542*s - 538. Give f(1).
-36
Let w(v) = -25*v + 608. Determine w(23).
33
Let t(k) = -k**3 - 131*k**2 + 127*k - 665. Give t(-132).
-5
Let s(h) = 2*h**2 - 9*h - 138. Calculate s(17).
287
Let c(w) = 8*w**2 + 31*w + 16. Give c(-7).
191
Let b(j) = -91*j + 898. Determine b(10).
-12
Let q(n) = -n**3 - 12*n**2 - 132*n - 1568. Calculate q(-12).
16
Let q(l) = -40*l + 1485. What is q(28)?
365
Let h(f) = -f**3 - 12*f**2 - 31*f - 8. Determine h(-6).
-38
Let y(v) = v**2 + 233*v + 3473. Determine y(-16).
1
Let n(y) = 4*y**2 - 28*y + 9. What is n(10)?
129
Let d(h) = 13*h**2 - 364*h - 60. What is d(28)?
-60
Let d(l) = 9*l - 12. Determine d(6).
42
Let m(p) = -28*p - 27. Give m(3).
-111
Let a(y) = -19*y**2 - 8*y - 20. Determine a(-4).
-292
Let t(i) = -i**2 + 17*i + 230. Give t(-9).
-4
Let f(o) = -2*o**3 + 38*o**2 + 78*o + 126. Determine f(21).
0
Let s(n) = -7160*n - 50130. Determine s(-7).
-10
Let r(m) = -250*m + 212. Determine r(1).
-38
Let q(g) = -2*g**2 + 7*g + 849. Determine q(24).
-135
Let x(n) = 10*n**2 - 20*n - 28. What is x(-1)?
2
Let h(z) = 56*z**2 - 497*z - 66. What is h(9)?
-3
Let m(o) = -o**2 - 5266*o - 36807. Determine m(-7).
6
Let l(i) = -14441*i + 28. Determine l(0).
28
Let n(r) = -2*r**3 + 19*r**2 - 95*r + 768. Give n(9).
-6
Let l(k) = k**3 - 14*k**2 - 1178*k + 16489. Determine l(14).
-3
Let s(p) = p**3 - 30*p**2 + 76*p + 116. What is s(27)?
-19
Let f(n) = 493*n + 934. What is f(-2)?
-52
Let c(f) = 43*f + 23. Calculate c(-2).
-63
Let c(k) = -56*k + 2688. Give c(47).
56
Let o(v) = -v**3 + 7*v**2 - 21*v + 5. Determine o(6).
-85
Let o(u) = 56*u + 484. Calculate o(-12).
-188
Let a(s) = -74*s**3 - 738*s**2 + 25*s + 45. Give a(-10).
-5
Let u(t) = 3*t**2 - 190*t + 1191. Determine u(56).
-41
Let k(q) = q**3 - 27*q**2 + 77*q - 121. Determine k(24).
-1
Let b(x) = -139*x - 290. Give b(-2).
-12
Let i(w) = w**3 - 19*w**2 + 25*w - 69. Determine i(18).
57
Let i(q) = -q**2 + 405*q + 38804. Calculate i(-80).
4
Let a(u) = -u**2 - 3*u + 5. What is a(-8)?
-35
Let a(c) = -51*c + 833. Give a(16).
17
Let u(s) = -4*s + 86. Calculate u(-17).
154
Let y(o) = -o**2 - 11*o + 373. Give y(-25).
23
Let u(g) = -3*g**2 + 4*g + 39. Calculate u(9).
-168
Let z(g) = -16*g**3 + 3*g**2 + 15*g + 16. Calculate z(-2).
126
Let a(j) = j**3 - 3*j**2 - 4*j - 13. Give a(6).
71
Let w(d) = -60*d + 19. Determine w(-2).
139
Let u(q) = -2*q**3 - 24*q**2 - 30*q + 114. Determine u(-10).
14
Let x(z) = -271*z - 5182. Determine x(-19).
-33
Let j(v) = 28*v**3 + 6*v**2 + 9*v + 19. Give j(-2).
-199
Let m(u) = 218*u + 9215. Calculate m(-42).
59
Let q(y) = -194*y + 56. Give q(1).
-138
Let a(m) = -m**3 + 267*m - 372. What is a(-17)?
2
Let p(b) = -33*b - 34. Give p(6).
-232
Let l(u) = -39*u**2 + 523*u - 82. Calculate l(13).
126
Let q(y) = 94*y - 182. Calculate q(-3).
-464
Let o(a) = -2*a**2 - 132*a - 718. Calculate o(-60).
2
Let s(r) = -r**2 + 32*r + 1365. What is s(-24)?
21
Let b(m) = 23*m**2 + 89*m - 9. Give b(-4).
3
Let w(i) = -38*i - 614. Determine w(-16).
-6
Let p(v) = 3*v**3 - 85*v**2 + 576*v + 39. Calculate p(17).
5
Let j(u) = -37*u**2 + 56*u - 115. Determine j(2).
-151
Let f(x) = -8*x**2 - 89*x + 47. Give f(-14).
-275
Let n(t) = -t**3 - 45*t**2 - 169*t - 205. Determine n(-41).
0
Let u(x) = -2*x**2 + 21*x + 97. Calculate u(14).
-1
Let t(q) = 10*q + 217. Determine t(-22).
-3
Let n(w) = -2*w**2 - 36*w + 19. Give n(-14).
131
Let z(h) = -8*h**2 - 2*h - 16. Determine z(3).
-94
Let f(t) = 6*t**3 + 397*t**2 + 450*t - 312. Calculate f(-65).
13
Let x(b) = b**2 - 6*b - 181. Calculate x(16).
-21
Let c(s) = 132*s - 433. What is c(4)?
95
Let m(i) = -i**3 - 9*i**2 - 41*i - 9. Determine m(-3).
60
Let k(n) = -n**3 - 3*n**2 - 250*n + 11. Calculate k(0).
11
Let z(k) = -k**3 - 6*k**2 + 14*k + 11. Determine z(-7).
-38
Let k(o) = -5*o**2 - 267*o - 158. Determine k(-53).
-52
Let i(x) = 5*x**2 - 41*x + 38. Calculate i(7).
-4
Let v(l) = -7*l**2 + 12*l + 56. What is v(-4)?
-104
Let c(n) = -1848*n + 33262. Give c(18).
-2
Let a(f) = -2*f**3 - 76*f**2 - 260*f + 62. What is a(-34)?
-346
Let m(r) = 463*r - 2317. Give m(5).
-2
Let r(g) = 1240*g - 17352. What is r(14)?
8
Let k(a) = 10*a**3 + 3*a**2 - 8*a + 11. Calculate k(3).
284
Let j(l) = -272*l - 2752. Calculate j(-11).
240
Let k(x) 